i + 2016. What is the remainder when j is divided by 31?
28
Let p(q) be the third derivative of -q**4/4 + 2*q**3 + 10*q**2 - 2*q. Calculate the remainder when p(-25) is divided by 41.
39
Suppose -3*u = -4*g + 9*g - 757, -2*g + 4*u + 256 = 0. Let c(q) = q**2 + q - 5. Calculate the remainder when g is divided by c(-7).
35
Suppose -20*o = -15*o - 10. Let f(c) = 10*c**2 - 2*c - 10. What is the remainder when 155 is divided by f(o)?
25
Suppose -5*p - g = 26 - 132, 4*g = -2*p + 28. Let i = -9 + p. Suppose 5*s = f - 95, f - 6*f + 591 = 4*s. What is the remainder when f is divided by i?
11
Let k = 6 - -69. What is the remainder when k is divided by (-5)/3 - -1 - 57/(3591/(-1806))?
19
Let w = 10242 + 2527. Calculate the remainder when w is divided by 9.
7
Let f = 81 + -10. Suppose 3*t - 25 = -h, -h + 4*h - 2*t = 75. Suppose h*r + 96 = 29*r. What is the remainder when f is divided by r?
23
Calculate the remainder when 8482 is divided by (2 - -1 - 9) + (3 - 8 - -53).
40
Let q(g) = g**3 - 15*g**2 - 14*g - 22. Let c be 1/((-5)/(-20)*2). Suppose 20 = c*d - 12. What is the remainder when 39 is divided by q(d)?
9
Let h = 6402 - 6341. Calculate the remainder when h is divided by 31.
30
Let x be 2320/(-14) - ((-208)/56 - -4). Let u = 175 + x. Let s(o) = o**2 - 3*o - 2. What is the remainder when u is divided by s(4)?
1
Suppose 3*m - 339 = 5*q, -249 = 7*q - 3*q + 5*m. Let i(h) = -20*h + 2. Let b be i(2). Let l = b - q. Calculate the remainder when l is divided by 15.
13
Let t(k) = 49*k - 3884. Calculate the remainder when t(84) is divided by 189.
43
Suppose -4*o - 3*g + 58 = 0, -50 = -4*o + 356*g - 363*g. Calculate the remainder when 102 is divided by o.
6
Suppose 4403 - 4415 = -6*u. What is the remainder when 14 is divided by u?
0
Let z = -448 - -448. Suppose z = 919*b - 918*b - 37. Calculate the remainder when b is divided by 27.
10
Let m(g) = g**3 + g - 55. Let d be m(0). Let n = -25 - d. Suppose 6*h = -0*h + 96. Calculate the remainder when n is divided by h.
14
Suppose 70 = 4*o + 2*q, 3*o + 6*q - 9*q - 75 = 0. What is the remainder when 39 is divided by o?
19
Let q(j) = -j**3 - 7*j**2 - 5*j - 76. What is the remainder when 12485 is divided by q(-8)?
25
Let q = 1326 - 1270. What is the remainder when 99 is divided by q?
43
Suppose -3*y - 1024 = -964. Suppose -7*t + 12 = -3*t. Calculate the remainder when -1 + 6/(-15)*y is divided by t.
1
Let c = -3337 - -4496. What is the remainder when 1166 is divided by c?
7
Suppose -18*v + 47*v - 26*v - 81 = 0. What is the remainder when 2549 is divided by v?
11
Suppose -2*g + 5*h = 0, 23*h - 27*h = g. Suppose -131*s + 133*s - 60 = g. Calculate the remainder when s is divided by 4.
2
Let u(m) = -m**3 - 9*m**2 - 3*m - 19. Let i be u(-9). Suppose 0 = -i*r + 97 + 87. What is the remainder when r is divided by 14?
9
Let u = 4022 - 3464. What is the remainder when u is divided by 196?
166
Let c = 4156 + -3897. What is the remainder when c is divided by 100?
59
Suppose 7*v + 1770 = 2*v - 5*g, -2*g - 4 = 0. Let u = v - -606. What is the remainder when u is divided by 16?
14
Suppose -43*i + 57948 = i. What is the remainder when i is divided by 57?
6
Let v(m) = 56*m**2 - 28*m - 108. Calculate the remainder when v(5) is divided by 55.
52
Let o(s) = 9 + 10*s + 12 - 3 - 1. Let x be o(9). Suppose -60 = -3*p + 3*k + 9, -x = -4*p - k. Calculate the remainder when 103 is divided by p.
25
Let l(p) = -p**2 - 43*p - 224. Calculate the remainder when 2861 is divided by l(-10).
105
Suppose 5*n + 2 = -3. Calculate the remainder when -7 - (-30 - -28)*102 is divided by 23*(0 - n) + -1.
21
Let h(o) = -69*o + 704. Calculate the remainder when h(8) is divided by 27.
17
Let v = -14 - -117. Calculate the remainder when v is divided by ((-265)/2)/(295 + -290)*-2.
50
Let y = -12 - -14. Let n = 4 - y. Suppose 3*w - 4*c = -c + 39, -n*w + 5 = 5*c. What is the remainder when 49 is divided by w?
9
Suppose 87*j - 188*j + 6161 = 0. What is the remainder when 551 is divided by j?
2
Suppose -60*s - 5171 = -16571. What is the remainder when s is divided by 55?
25
Suppose 6*d - d = -x + 26, -2*d + 12 = 2*x. Calculate the remainder when 514 is divided by (-188)/12*(-3)/x.
44
Suppose 2008 = 2*o + 1786. Let r(h) = -h**3 + 6*h**2 - 3*h + 4. Calculate the remainder when o is divided by r(5).
13
Let s = -16 - -71. Let j(u) = 9*u + 62. Calculate the remainder when s is divided by j(-3).
20
Let m be (-119)/(-42)*-28*-6. Suppose -p + 68 = b - 45, 2*p = 4*b - m. What is the remainder when b is divided by 61?
56
Let x = -682 + 394. Let d = x + 342. What is the remainder when 322 is divided by d?
52
Let u(i) = 16*i**2 - 13*i + 62. What is the remainder when u(-3) is divided by 133?
112
Suppose 14581 = 14*z + 4669. What is the remainder when z/10*(-50)/(-15) is divided by 48?
44
Calculate the remainder when 4535 is divided by (-14)/35 + (21/(-28))/(5/(-536)).
55
Let a be (129/2)/(1/2). Let g = a - 34. Let d = g + -52. Calculate the remainder when d is divided by 12.
7
Suppose 6*g = 3*g + 3*z + 1029, 0 = -4*g + z + 1372. Let r = g + -298. What is the remainder when 121 is divided by r?
31
Let p = -75 + 138. Let u(j) = j**3 + 6*j**2 - 10*j - 2. Calculate the remainder when 30*(-2 - (1 - p/15)) is divided by u(-7).
17
Let o = -1587 - -1779. What is the remainder when 200 is divided by o?
8
Suppose -3*j + 19*w - 13*w = -435, 0 = -2*j + 2*w + 282. Calculate the remainder when j is divided by 3.
2
Let w = -15 - -42. Let k be (8/3)/4*(-15)/(-2). Suppose 6*s = z + k*s - 7, 0 = z + 4*s - 22. What is the remainder when w is divided by z?
7
Let m(d) = -d**2 - 10*d + 12. Let i be m(-10). Let l be 2 - (-20)/(-4) - i. Calculate the remainder when 55 is divided by 10/l*(-18 - 3).
13
Suppose -195 = -3*q - 23*q + 65. Let j = 70 + -3. Calculate the remainder when j is divided by q.
7
Let m = 63 + -61. Suppose 11 - 3 = 2*n - 2*d, -4*d = m*n - 26. Calculate the remainder when 81 is divided by n.
4
Let t(f) = 112*f - 275. What is the remainder when 790 is divided by t(3)?
58
Suppose -6*u = -59 - 211. Suppose 124 = 4*v - 4*n, -7*n + 25 = v - 2*n. Let i = u - v. Calculate the remainder when 42 is divided by i.
12
Suppose 94 = -26*v - 36. Let g(x) = -x**2 - 12*x - 21. What is the remainder when 40 is divided by g(v)?
12
Suppose -n + 0 - 4 = 0, -5*i + 27 = -3*n. Suppose -5*x - i*a + 3 - 8 = 0, -4 = 4*x - 5*a. What is the remainder when 21*(2 - x - 2) is divided by 11?
10
Suppose 32*u - 20 = 30*u. Suppose g = 2*g - 5. Suppose -g*r + 9 = -2*r, 3*r + 7 = c. What is the remainder when c is divided by u?
6
Let t(a) = a - 118 - 23*a - 60. What is the remainder when 129 is divided by t(-10)?
3
Let w = -19098 - -19206. What is the remainder when 567 is divided by w?
27
Let a = 427 + -273. Suppose -6*z = 10 - a. What is the remainder when 110 is divided by z?
14
Suppose 9*w + 936 = 30*w - 1857. Calculate the remainder when 321 is divided by w.
55
Let o(u) = u + 1. Let y(d) = 4*d - 10. Suppose 37 = r + 3*z, r - 35 = -4*z + 7. Let i(f) = r*o(f) + 2*y(f). Calculate the remainder when 123 is divided by i(1).
27
Suppose -695 = -5*v + 3*h + 780, 0 = 5*v + 3*h - 1445. Let w = -271 + v. Let p(j) = -j**3 - 7*j**2 - 8*j + 3. What is the remainder when p(-7) is divided by w?
17
Let l(k) = -k**2 - 7*k - 3. Let a be l(-4). Suppose 230 = -5*y + 3*o - 4*o, 205 = -5*y + 4*o. Calculate the remainder when (15/a)/((-1)/y) is divided by 23.
6
Let o = 26 - 13. What is the remainder when -6 - (-23 + 32 + -157) is divided by o?
12
Let a(k) = k**3 + 8*k**2 - 1. Let p be a(-9). Let r = -47 - p. Suppose -46*x + r = -41*x. Calculate the remainder when 10 is divided by x.
3
Suppose -40 = 4*b - 4*u, -29 = 5*b + 16*u - 14*u. Let g(c) = 51*c. Calculate the remainder when g(4) is divided by (5/(b - -2))/(2/(-82)).
40
Suppose -11*w + 0*w + 1516 = 229. Calculate the remainder when 3158 is divided by w.
116
Let i be ((-1)/(-4))/(9/(-36)). Suppose 4*v = -5*j + 61, -5*v + 4*j + 65 = -j. What is the remainder when 3*i/12 + 209/4 is divided by v?
10
Let p(m) = -13 - 2*m + 5*m - 19 + 6. Let y be p(10). Suppose y*u + 4*w = 72, -3*u + 4*w + w + 22 = 0. Calculate the remainder when 52 is divided by u.
10
Suppose 9*p - 17*p = 1024. Let j = p - -133. Suppose 3*k + 2*t + 32 = 5*k, -t - 64 = -j*k. Calculate the remainder when 22 is divided by k.
10
L